{"id":659,"date":"2023-07-12T09:54:39","date_gmt":"2023-07-12T07:54:39","guid":{"rendered":"https:\/\/vitalian-dev.landeaucreation.fr\/?page_id=659"},"modified":"2023-07-19T10:22:39","modified_gmt":"2023-07-19T08:22:39","slug":"politique-de-confidentialite-2","status":"publish","type":"page","link":"https:\/\/vitalian-dev.landeaucreation.fr\/?page_id=659","title":{"rendered":"Politique de confidentialit\u00e9"},"content":{"rendered":"[vc_row type=\u00a0\u00bbfull_width_background\u00a0\u00bb full_screen_row_position=\u00a0\u00bbmiddle\u00a0\u00bb column_margin=\u00a0\u00bbdefault\u00a0\u00bb column_direction=\u00a0\u00bbdefault\u00a0\u00bb column_direction_tablet=\u00a0\u00bbdefault\u00a0\u00bb column_direction_phone=\u00a0\u00bbdefault\u00a0\u00bb bg_color=\u00a0\u00bb#1d3a4f\u00a0\u00bb bg_image=\u00a0\u00bb213&Prime; background_image_mobile_hidden=\u00a0\u00bbtrue\u00a0\u00bb bg_position=\u00a0\u00bbleft top\u00a0\u00bb background_image_loading=\u00a0\u00bbdefault\u00a0\u00bb bg_repeat=\u00a0\u00bbno-repeat\u00a0\u00bb scene_position=\u00a0\u00bbcenter\u00a0\u00bb top_padding=\u00a0\u00bb8%\u00a0\u00bb bottom_padding=\u00a0\u00bb8%\u00a0\u00bb constrain_group_8=\u00a0\u00bbyes\u00a0\u00bb text_color=\u00a0\u00bblight\u00a0\u00bb text_align=\u00a0\u00bbleft\u00a0\u00bb row_border_radius=\u00a0\u00bbnone\u00a0\u00bb row_border_radius_applies=\u00a0\u00bbbg\u00a0\u00bb overflow=\u00a0\u00bbvisible\u00a0\u00bb overlay_strength=\u00a0\u00bb0.3&Prime; gradient_direction=\u00a0\u00bbleft_to_right\u00a0\u00bb shape_divider_position=\u00a0\u00bbbottom\u00a0\u00bb bg_image_animation=\u00a0\u00bbnone\u00a0\u00bb parallax_bg=\u00a0\u00bbtrue\u00a0\u00bb parallax_bg_speed=\u00a0\u00bbfast\u00a0\u00bb gradient_type=\u00a0\u00bbdefault\u00a0\u00bb shape_type=\u00a0\u00bb\u00a0\u00bb][vc_column column_padding=\u00a0\u00bbno-extra-padding\u00a0\u00bb column_padding_tablet=\u00a0\u00bbinherit\u00a0\u00bb column_padding_phone=\u00a0\u00bbinherit\u00a0\u00bb column_padding_position=\u00a0\u00bball\u00a0\u00bb left_margin=\u00a0\u00bb17%\u00a0\u00bb column_element_direction_desktop=\u00a0\u00bbdefault\u00a0\u00bb column_element_spacing=\u00a0\u00bb0px\u00a0\u00bb desktop_text_alignment=\u00a0\u00bbdefault\u00a0\u00bb tablet_text_alignment=\u00a0\u00bbdefault\u00a0\u00bb phone_text_alignment=\u00a0\u00bbdefault\u00a0\u00bb background_color_opacity=\u00a0\u00bb1&Prime; background_hover_color_opacity=\u00a0\u00bb1&Prime; column_backdrop_filter=\u00a0\u00bbnone\u00a0\u00bb column_shadow=\u00a0\u00bbnone\u00a0\u00bb column_border_radius=\u00a0\u00bbnone\u00a0\u00bb column_link_target=\u00a0\u00bb_self\u00a0\u00bb column_position=\u00a0\u00bbdefault\u00a0\u00bb gradient_direction=\u00a0\u00bbleft_to_right\u00a0\u00bb overlay_strength=\u00a0\u00bb0.3&Prime; width=\u00a0\u00bb2\/3&Prime; tablet_width_inherit=\u00a0\u00bbdefault\u00a0\u00bb animation_type=\u00a0\u00bbdefault\u00a0\u00bb bg_image_animation=\u00a0\u00bbnone\u00a0\u00bb border_type=\u00a0\u00bbsimple\u00a0\u00bb column_border_width=\u00a0\u00bbnone\u00a0\u00bb column_border_style=\u00a0\u00bbsolid\u00a0\u00bb column_padding_type=\u00a0\u00bbdefault\u00a0\u00bb gradient_type=\u00a0\u00bbdefault\u00a0\u00bb][divider line_type=\u00a0\u00bbNo Line\u00a0\u00bb][divider line_type=\u00a0\u00bbNo Line\u00a0\u00bb][divider line_type=\u00a0\u00bbNo Line\u00a0\u00bb][split_line_heading animation_type=\u00a0\u00bbline-reveal-by-space\u00a0\u00bb font_style=\u00a0\u00bbh1&Prime; text_color=\u00a0\u00bb#ffffff\u00a0\u00bb line_reveal_by_space_text_effect=\u00a0\u00bbdefault\u00a0\u00bb content_alignment=\u00a0\u00bbdefault\u00a0\u00bb mobile_content_alignment=\u00a0\u00bbinherit\u00a0\u00bb link_target=\u00a0\u00bb_self\u00a0\u00bb text_content=\u00a0\u00bbPolitique de confidentialit\u00e9\u00a0\u00bb][\/split_line_heading][divider line_type=\u00a0\u00bbNo Line\u00a0\u00bb][\/vc_column][vc_column column_padding=\u00a0\u00bbno-extra-padding\u00a0\u00bb column_padding_tablet=\u00a0\u00bbinherit\u00a0\u00bb column_padding_phone=\u00a0\u00bbinherit\u00a0\u00bb column_padding_position=\u00a0\u00bball\u00a0\u00bb column_element_direction_desktop=\u00a0\u00bbdefault\u00a0\u00bb column_element_spacing=\u00a0\u00bbdefault\u00a0\u00bb desktop_text_alignment=\u00a0\u00bbdefault\u00a0\u00bb tablet_text_alignment=\u00a0\u00bbdefault\u00a0\u00bb phone_text_alignment=\u00a0\u00bbdefault\u00a0\u00bb background_color_opacity=\u00a0\u00bb1&Prime; background_hover_color_opacity=\u00a0\u00bb1&Prime; column_backdrop_filter=\u00a0\u00bbnone\u00a0\u00bb column_shadow=\u00a0\u00bbnone\u00a0\u00bb column_border_radius=\u00a0\u00bbnone\u00a0\u00bb column_link_target=\u00a0\u00bb_self\u00a0\u00bb column_position=\u00a0\u00bbdefault\u00a0\u00bb gradient_direction=\u00a0\u00bbleft_to_right\u00a0\u00bb overlay_strength=\u00a0\u00bb0.3&Prime; width=\u00a0\u00bb1\/3&Prime; tablet_width_inherit=\u00a0\u00bbdefault\u00a0\u00bb animation_type=\u00a0\u00bbdefault\u00a0\u00bb bg_image_animation=\u00a0\u00bbnone\u00a0\u00bb border_type=\u00a0\u00bbsimple\u00a0\u00bb column_border_width=\u00a0\u00bbnone\u00a0\u00bb column_border_style=\u00a0\u00bbsolid\u00a0\u00bb][\/vc_column][\/vc_row][vc_row type=\u00a0\u00bbin_container\u00a0\u00bb full_screen_row_position=\u00a0\u00bbmiddle\u00a0\u00bb column_margin=\u00a0\u00bbdefault\u00a0\u00bb column_direction=\u00a0\u00bbdefault\u00a0\u00bb column_direction_tablet=\u00a0\u00bbdefault\u00a0\u00bb column_direction_phone=\u00a0\u00bbdefault\u00a0\u00bb scene_position=\u00a0\u00bbcenter\u00a0\u00bb text_color=\u00a0\u00bbdark\u00a0\u00bb text_align=\u00a0\u00bbleft\u00a0\u00bb row_border_radius=\u00a0\u00bbnone\u00a0\u00bb row_border_radius_applies=\u00a0\u00bbbg\u00a0\u00bb overflow=\u00a0\u00bbvisible\u00a0\u00bb overlay_strength=\u00a0\u00bb0.3&Prime; gradient_direction=\u00a0\u00bbleft_to_right\u00a0\u00bb shape_divider_position=\u00a0\u00bbbottom\u00a0\u00bb bg_image_animation=\u00a0\u00bbnone\u00a0\u00bb gradient_type=\u00a0\u00bbdefault\u00a0\u00bb shape_type=\u00a0\u00bb\u00a0\u00bb][vc_column column_padding=\u00a0\u00bbpadding-5-percent\u00a0\u00bb column_padding_tablet=\u00a0\u00bbinherit\u00a0\u00bb column_padding_phone=\u00a0\u00bbinherit\u00a0\u00bb column_padding_position=\u00a0\u00bball\u00a0\u00bb column_element_direction_desktop=\u00a0\u00bbdefault\u00a0\u00bb column_element_spacing=\u00a0\u00bbdefault\u00a0\u00bb desktop_text_alignment=\u00a0\u00bbdefault\u00a0\u00bb tablet_text_alignment=\u00a0\u00bbdefault\u00a0\u00bb phone_text_alignment=\u00a0\u00bbdefault\u00a0\u00bb background_color_opacity=\u00a0\u00bb1&Prime; background_hover_color_opacity=\u00a0\u00bb1&Prime; column_backdrop_filter=\u00a0\u00bbnone\u00a0\u00bb column_shadow=\u00a0\u00bbnone\u00a0\u00bb column_border_radius=\u00a0\u00bbnone\u00a0\u00bb column_link_target=\u00a0\u00bb_self\u00a0\u00bb column_position=\u00a0\u00bbdefault\u00a0\u00bb gradient_direction=\u00a0\u00bbleft_to_right\u00a0\u00bb overlay_strength=\u00a0\u00bb0.3&Prime; width=\u00a0\u00bb1\/1&Prime; tablet_width_inherit=\u00a0\u00bbdefault\u00a0\u00bb animation_type=\u00a0\u00bbdefault\u00a0\u00bb bg_image_animation=\u00a0\u00bbnone\u00a0\u00bb border_type=\u00a0\u00bbsimple\u00a0\u00bb column_border_width=\u00a0\u00bbnone\u00a0\u00bb column_border_style=\u00a0\u00bbsolid\u00a0\u00bb column_padding_type=\u00a0\u00bbdefault\u00a0\u00bb gradient_type=\u00a0\u00bbdefault\u00a0\u00bb][vc_column_text]\n<div class=\"l-section \">\n<div class=\"l-container\">\n<div class=\"c-content\">\n<p>En conformit\u00e9 avec les bonnes pratiques du R\u00e8glement UE n\u00b02018-493 du 20 juin 2018, aussi appel\u00e9 RGPD, ou R\u00e8glement G\u00e9n\u00e9ral sur la Protection des Donn\u00e9es, Vitalian vous proposent sur cette page toutes les informations n\u00e9cessaires pour bien comprendre la gestion de vos donn\u00e9es \u00e0 caract\u00e8re personnel.<\/p>\n<h2>Vos interlocuteurs<\/h2>\n<p>Toutes les donn\u00e9es collect\u00e9es et trait\u00e9es le sont sur d\u00e9cision du responsable du traitement. Voici ses coordonn\u00e9es :<\/p>\n<p>Vitalian<\/p>\n<p>J\u00e9r\u00f4me Degenne<\/p>\n<p>Centre d\u2019affaires Alphasis<\/p>\n<p>Espaxe Performance III<\/p>\n<p>B\u00e2timent T \u2013 35760 SAINT-GR\u00c9GOIRE<\/p>\n<p>Le d\u00e9l\u00e9gu\u00e9 \u00e0 la protection des donn\u00e9es de Vitalian a un r\u00f4le d\u2019information, de conseil et de contr\u00f4le aupr\u00e8s du responsable du traitement. Il veille \u00e0 la protection de vos donn\u00e9es \u00e0 caract\u00e8re personnel et au respect du RGPD. Voici ses coordonn\u00e9es :<br \/>\n\u00c0 compl\u00e9ter<\/p>\n<p>La CNIL (Commission Nationale de l\u2019Informatique et des Libert\u00e9s) est l\u2019autorit\u00e9 de contr\u00f4le fran\u00e7aise en charge de la bonne application du RGPD. Elle pourra vous conseiller et vous aider pour toute question que pouvez avoir concernant vos donn\u00e9es \u00e0 caract\u00e8re personnel, via son\u00a0<a href=\"https:\/\/www.cnil.fr\/\" target=\"_blank\" rel=\"noopener\">site Internet<\/a>\u00a0ou en les\u00a0<a href=\"https:\/\/www.cnil.fr\/fr\/vous-souhaitez-contacter-la-cnil\" target=\"_blank\" rel=\"noopener\">contactant directement<\/a>.<\/p>\n<h2>Vos droits<\/h2>\n<p>Pour chaque donn\u00e9e \u00e0 caract\u00e8re personnel que vous confiez \u00e0 Vitalian, vous pouvez faire valoir \u00e0 tout moment tout ou une partie des droits que vous conservez sur vos donn\u00e9es, en conformit\u00e9 avec le RGPD. Nous vous r\u00e9pondrons dans un d\u00e9lai d\u2019un mois maximum, dans la mesure du possible.<\/p>\n<p><strong>Droit de retrait de votre consentement<\/strong>\u00a0: vous pouvez retirer le consentement que vous nous avez donn\u00e9 pour le traitement de vos donn\u00e9es. Nous cesserons d\u00e8s lors de les utiliser, mais tous les traitements pr\u00e9alablement effectu\u00e9s lorsque nous avions votre consentement resteront valides.<\/p>\n<p><strong>Droit d\u2019acc\u00e8s<\/strong>\u00a0: vous pouvez nous demander si des donn\u00e9es sont d\u00e9tenues sur vous et demander \u00e0 ce que l\u2019on vous les communique pour en v\u00e9rifier le contenu. Pour plus d\u2019information, vous pouvez consulter\u00a0<a href=\"https:\/\/www.cnil.fr\/fr\/le-droit-dacces-connaitre-les-donnees-quun-organisme-detient-sur-vous\" target=\"_blank\" rel=\"noopener\">cet article de la CNIL<\/a>.<\/p>\n<p><strong>Droit de rectification<\/strong>\u00a0: vous pouvez nous demander la rectification des informations inexactes ou incompl\u00e8tes vous concernant. Cela nous permettra de ne pas utiliser d\u2019information erron\u00e9. Pour plus d\u2019information, vous pouvez consulter\u00a0<a href=\"https:\/\/www.cnil.fr\/fr\/le-droit-de-rectification-corriger-vos-informations\" target=\"_blank\" rel=\"noopener\">cet article de la CNIL<\/a>.<\/p>\n<p><strong>Droit \u00e0 l\u2019effacement<\/strong>, aussi appel\u00e9 droit \u00e0 l\u2019oubli : vous pouvez nous demander la suppression de vos donn\u00e9es \u00e0 caract\u00e8re personnel. Pour plus d\u2019information, vous pouvez consulter\u00a0<a href=\"https:\/\/www.cnil.fr\/fr\/le-droit-leffacement-supprimer-vos-donnees-en-ligne\" target=\"_blank\" rel=\"noopener\">cet article de la CNIL<\/a>.<\/p>\n<p><strong>Droit de limitation du traitement<\/strong>\u00a0: vous pouvez nous demander de suspendre temporairement l\u2019utilisation de certaines de vos donn\u00e9es. Pour plus d\u2019information, vous pouvez consulter\u00a0<a href=\"https:\/\/www.cnil.fr\/fr\/le-droit-la-limitation-du-traitement-geler-lutilisation-de-vos-donnees\" target=\"_blank\" rel=\"noopener\">cet article de la CNIL<\/a>.<\/p>\n<p><strong>Droit d\u2019opposition<\/strong>\u00a0: vous pouvez vous opposer \u00e0 tout ou une partie du traitement de vos donn\u00e9es. Pour plus d\u2019information, vous pouvez consulter\u00a0<a href=\"https:\/\/www.cnil.fr\/fr\/le-droit-dopposition-refuser-lutilisation-de-vos-donnees\" target=\"_blank\" rel=\"noopener\">cet article de la CNIL<\/a>.<\/p>\n<p><strong>Droit de portabilit\u00e9<\/strong>\u00a0: vous pouvez nous demander la r\u00e9cup\u00e9ration des donn\u00e9es que vous nous avez communiqu\u00e9es, dans un format facilement utilisable. Pour plus d\u2019information, vous pouvez consulter\u00a0<a href=\"https:\/\/www.cnil.fr\/fr\/le-droit-la-portabilite-obtenir-et-reutiliser-une-copie-de-vos-donnees\" target=\"_blank\" rel=\"noopener\">cet article de la CNIL<\/a>.<\/p>\n<p>Vous disposez \u00e9galement d\u2019un\u00a0<strong>droit de r\u00e9clamation<\/strong>\u00a0aupr\u00e8s de\u00a0<a href=\"https:\/\/www.cnil.fr\/\" target=\"_blank\" rel=\"noopener\">la CNIL<\/a> (Commission Nationale de l\u2019Informatique et des Libert\u00e9s), ainsi que d\u2019un droit de recours juridictionnel contre Vitalian, si vous consid\u00e9rez que vos droits n\u2019ont pas \u00e9t\u00e9 respect\u00e9s.<\/p>\n<h2>Vos donn\u00e9es \u00e0 caract\u00e8re personnel<\/h2>\n<p>Vitalian collecte certaines de vos donn\u00e9es personnelles dans les cas suivants :<\/p>\n<ul>\n<li>Formulaire de contact : Nom, Pr\u00e9nom, E-mail, T\u00e9l\u00e9phone, Ville, M\u00e9tier, Nom de l&rsquo;entreprise, Fonction, Objet du message, Message, Pi\u00e8ce-jointe.<\/li>\n<\/ul>\n<p>Ces donn\u00e9es sont exclusivement destin\u00e9es \u00e0 Vitalian<br \/>\nLa dur\u00e9e de conservation de ces donn\u00e9es est de 24 mois.<\/p>\n<h2>Suivi statistique<\/h2>\n<p>Nous utilisons Google Analytics pour analyser la consultation du site par le biais d\u2019un cookie conserv\u00e9 26 mois apr\u00e8s votre derni\u00e8re visite.<\/p>\n<\/div>\n<\/div>\n<\/div>\n<div class=\"l-section l-section--blue \">\n<div class=\"l-container\"><\/div>\n<\/div>\n[\/vc_column_text][\/vc_column][\/vc_row]\n","protected":false},"excerpt":{"rendered":"<p>[vc_row type=\u00a0\u00bbfull_width_background\u00a0\u00bb full_screen_row_position=\u00a0\u00bbmiddle\u00a0\u00bb column_margin=\u00a0\u00bbdefault\u00a0\u00bb column_direction=\u00a0\u00bbdefault\u00a0\u00bb column_direction_tablet=\u00a0\u00bbdefault\u00a0\u00bb column_direction_phone=\u00a0\u00bbdefault\u00a0\u00bb bg_color=\u00a0\u00bb#1d3a4f\u00a0\u00bb bg_image=\u00a0\u00bb213&Prime; background_image_mobile_hidden=\u00a0\u00bbtrue\u00a0\u00bb bg_position=\u00a0\u00bbleft top\u00a0\u00bb background_image_loading=\u00a0\u00bbdefault\u00a0\u00bb bg_repeat=\u00a0\u00bbno-repeat\u00a0\u00bb scene_position=\u00a0\u00bbcenter\u00a0\u00bb top_padding=\u00a0\u00bb8%\u00a0\u00bb bottom_padding=\u00a0\u00bb8%\u00a0\u00bb constrain_group_8=\u00a0\u00bbyes\u00a0\u00bb text_color=\u00a0\u00bblight\u00a0\u00bb text_align=\u00a0\u00bbleft\u00a0\u00bb row_border_radius=\u00a0\u00bbnone\u00a0\u00bb row_border_radius_applies=\u00a0\u00bbbg\u00a0\u00bb overflow=\u00a0\u00bbvisible\u00a0\u00bb overlay_strength=\u00a0\u00bb0.3&Prime; gradient_direction=\u00a0\u00bbleft_to_right\u00a0\u00bb shape_divider_position=\u00a0\u00bbbottom\u00a0\u00bb bg_image_animation=\u00a0\u00bbnone\u00a0\u00bb parallax_bg=\u00a0\u00bbtrue\u00a0\u00bb parallax_bg_speed=\u00a0\u00bbfast\u00a0\u00bb gradient_type=\u00a0\u00bbdefault\u00a0\u00bb&#8230;<\/p>\n","protected":false},"author":1,"featured_media":0,"parent":0,"menu_order":0,"comment_status":"closed","ping_status":"closed","template":"","meta":{"footnotes":""},"class_list":["post-659","page","type-page","status-publish"],"_links":{"self":[{"href":"https:\/\/vitalian-dev.landeaucreation.fr\/index.php?rest_route=\/wp\/v2\/pages\/659","targetHints":{"allow":["GET"]}}],"collection":[{"href":"https:\/\/vitalian-dev.landeaucreation.fr\/index.php?rest_route=\/wp\/v2\/pages"}],"about":[{"href":"https:\/\/vitalian-dev.landeaucreation.fr\/index.php?rest_route=\/wp\/v2\/types\/page"}],"author":[{"embeddable":true,"href":"https:\/\/vitalian-dev.landeaucreation.fr\/index.php?rest_route=\/wp\/v2\/users\/1"}],"replies":[{"embeddable":true,"href":"https:\/\/vitalian-dev.landeaucreation.fr\/index.php?rest_route=%2Fwp%2Fv2%2Fcomments&post=659"}],"version-history":[{"count":4,"href":"https:\/\/vitalian-dev.landeaucreation.fr\/index.php?rest_route=\/wp\/v2\/pages\/659\/revisions"}],"predecessor-version":[{"id":784,"href":"https:\/\/vitalian-dev.landeaucreation.fr\/index.php?rest_route=\/wp\/v2\/pages\/659\/revisions\/784"}],"wp:attachment":[{"href":"https:\/\/vitalian-dev.landeaucreation.fr\/index.php?rest_route=%2Fwp%2Fv2%2Fmedia&parent=659"}],"curies":[{"name":"wp","href":"https:\/\/api.w.org\/{rel}","templated":true}]}}